 7)*(-3)/(-6). Let t be (0 - n)*10/(-6). Let l(g) = g - 1. Let w(b) = -b**2 - 7*b + 7. Let z(r) = 4*l(r) + w(r). Give z(t).
-7
Let z(n) = 2*n**3 - 9*n**2 - 5*n - 7. Suppose 0 = -2*h + 3 - 9. Let j(t) = -t**3 + 8*t**2 + 5*t + 7. Let c(y) = h*j(y) - 2*z(y). Determine c(-5).
-7
Let j = 61 - 60. Let s(b) = 7*b - 1. Calculate s(j).
6
Suppose -4*a - a = 35. Let r(d) = d + 3. Calculate r(a).
-4
Let r(o) = 4*o - 1. Let k(a) = -a**3 - 3*a**2 + 3*a. Let i be (-2)/(1/((-4)/(-2))). Let l be k(i). Let x = 3 - l. Give r(x).
-5
Suppose -2 = -2*l + l. Let y(f) = -3*f**3 + 1 + 3*f**2 - 1 - l*f + 2*f**3. Let w be y(3). Let p(n) = n**3 + 7*n**2 + 8*n + 9. What is p(w)?
-3
Let f(j) = -j - 16*j**3 + 10*j**3 + 3 - 3. Give f(-1).
7
Let a be 1/2*4/(-1). Let t(m) = -2*m - 2. Let l be t(a). Let j(g) = -2*g - 1. Calculate j(l).
-5
Let b(g) = 14*g + 1. Let h be b(1). Suppose -h = -3*q - 2*d, d = q - 0*q. Let a = q + -2. Let j(x) = 5*x**2 + x - 1. Give j(a).
5
Let l(q) = q**3 - 7*q**2 - 6*q - 11. Let h(a) = -a**3 + 12*a**2 - 11*a + 8. Let t be h(11). Calculate l(t).
5
Let l(n) = -n**3 + 5*n**2 + 2*n - 2. Let r(u) = 6*u**2 + 2*u + 1. Let i be r(-1). Calculate l(i).
8
Let n(w) = -25*w**3 - 2*w**2 + 9*w. Let k(q) = 12*q**3 + q**2 - 4*q. Let s(u) = -9*k(u) - 4*n(u). Calculate s(-1).
7
Suppose g - 23 = -2*y - 6, -4*y + 2*g = -22. Let a(b) = -2*b + 0 - 2 + y - 4 + b**2. Give a(1).
0
Let w(g) = -g**2 + 7*g + 2. Let j be w(7). Suppose -j = 4*b + 2. Let a(p) = -3*p**2 - 2*p - 1. What is a(b)?
-2
Let p(f) = -f**2 + 1. Let m be (20/(-8) - (0 - 1))*-2. Determine p(m).
-8
Suppose -3*w + 7 = 5*m - 0, -w + 5*m = 31. Let p(y) = -2*y - 3. Let q(v) = 1. Let s(d) = -p(d) + 6*q(d). What is s(w)?
-3
Let r(g) be the second derivative of g**6/60 - g**5/60 - g**4/8 + g**3/3 + 2*g**2 - 2*g. Let v(b) be the first derivative of r(b). Determine v(2).
8
Let t(m) = m**3 - 5*m**2 + 4*m - 1. Suppose -5*f = 4*n + 21, n + 5*f + 13 = -n. Let d = n - -8. Calculate t(d).
-1
Let g = 12 + -7. Suppose -g*y + 4*u + 160 = 0, 3*u = -8*y + 3*y + 125. Suppose 0 = -b + c + 4, 5*b + 4*c = 3 - y. Let l(w) = -4*w**2 - w. What is l(b)?
-3
Let h(g) = g**3 - 6*g**2 + g + 3. Let d(f) = 3*f**3 - 18*f**2 + 4*f + 9. Let k(x) = -4*d(x) + 11*h(x). Calculate k(4).
9
Suppose 7*p - 2*p - 5*i = 30, -p + 2*i = -11. Let s(h) be the second derivative of h**3/2 - h**2/2 + 47*h. Give s(p).
2
Let w(k) = -k**2 - 3*k - 1. Suppose -l - 6 = -4. Give w(l).
1
Suppose -18 + 3 = -5*o. Let d(t) = -t**o + 0*t - t**2 + 2 + 0*t. What is d(0)?
2
Let d(y) = 2*y**2 - y - 1. Let z = 6 - 4. Let v = 1 + z. Let n = -1 + v. Calculate d(n).
5
Let s(o) = -13*o**2 - 5*o + 3*o - 2*o**3 + 3*o**3 + 10*o**2 + 2. Give s(3).
-4
Let o(k) = -2*k**3 + k**2 + 3*k - 1. Suppose r = -2*r + 15. Let j be 0 + 5/(r/2). Calculate o(j).
-7
Suppose 12 + 8 = 5*r. Suppose o - r = -5. Let t(g) = 11*g**3 + g**2 + g + 1. Calculate t(o).
-10
Let t(w) = 2*w**2 - 4*w + 3. Let x be t(2). Suppose -5*f - 3*j + x = 0, -4 - 8 = 3*j. Let i(g) = g**3 - 4*g**2 + 2*g - 3. Give i(f).
-6
Let w(h) = 11*h**2 + 29*h - 31. Let t(v) = -5*v**2 - 14*v + 15. Let u(g) = -9*t(g) - 4*w(g). What is u(-11)?
0
Let f = 3 - 11. Let l = -5 - f. Let o be (l - 4)*(-4 + -1). Let i(u) = -u**3 + 5*u**2 - 3. Give i(o).
-3
Let u(t) = t + 4040 - 4040. What is u(-1)?
-1
Let i(r) = r + 1. Suppose 0 = -3*w + 5*w + 10. Give i(w).
-4
Let p(x) = x**3 + 5*x**2 - 6*x + 2. Let u = -4 - -20. Let w = 10 - u. Give p(w).
2
Let h = 10 + -4. Let w(r) = r**2 - 1 + 3 - 1 - 7*r. Determine w(h).
-5
Let y(f) be the first derivative of -f**4/4 - f**3 + f**2/2 + f - 6. Let x = 4 + -7. Give y(x).
-2
Let r(y) be the first derivative of -y**2/2 - 2*y + 36. What is r(-4)?
2
Suppose 3*c = 8*c - 25. Let b(z) = -1 - 1 - 3*z - 3 + z**2. Determine b(c).
5
Let w(h) = h**3 + 8*h**2 + 2*h + 4. Let a = 12 - 10. Let k(n) = -2*n**3 - 17*n**2 - 4*n - 7. Let l(q) = a*k(q) + 5*w(q). Determine l(-6).
-6
Let f be (-2)/(8/3)*8. Let q = 12 - 20. Let y(u) = -4*u**2 - 3*u + 6. Let x(g) = -11*g**2 - 10*g + 18. Let b(n) = q*y(n) + 3*x(n). What is b(f)?
6
Suppose 25 = 5*h, -8*t + 27 = -4*t + 3*h. Let o(x) = -2*x - 3 + t + 3*x - 2. Determine o(3).
1
Let w(h) = -h - 19. Suppose t - 3*l = -14, 5*t + 27 = 3*l - 19. What is w(t)?
-11
Suppose -2*x + z = x + 6, 3*z - 5 = -4*x. Suppose -8 = -w - 3*w. Let n(u) = 2*u - w*u - 9*u. Calculate n(x).
9
Let k(d) = d**3 + 4*d**2 - 1. Suppose 5*s + 5 = 3*u - 3, -4*u + 2 = 2*s. Let i(y) = -2 + y + u + 4 + 2. Let z be i(-9). Give k(z).
-1
Let s(q) = 3*q**2 - 2*q. Suppose -5*r = -0*v + 5*v + 15, 0 = -5*v + 2*r + 20. What is s(v)?
8
Let t(v) be the second derivative of v**5/120 - v**4/3 - 7*v**3/6 + 4*v. Let o(b) be the second derivative of t(b). What is o(4)?
-4
Suppose -5*z + 32 - 7 = 0. Suppose 3*o - 19 = -4*j - 5, z*j + 2*o = 21. Let t(y) be the second derivative of y**4/12 - y**3/3 - 3*y**2 - y. Calculate t(j).
9
Let a(j) be the first derivative of j**2/2 + 4*j + 10. Calculate a(-5).
-1
Let l = 13 + -19. Let s = 3 - l. Let x(r) = -s - 1 - r + 8. Give x(-4).
2
Let y(v) = -2*v - 14 + 0*v + 16. Calculate y(-4).
10
Let f(a) = -a**2 - a. Let z(c) = -5*c**2 + c - 2. Let y(h) = -4*f(h) + z(h). Give y(4).
2
Let x(y) = 4*y**2. Let n = 143 + -144. Calculate x(n).
4
Let x(y) be the first derivative of -y**4/12 + y**3 - 3*y**2 - y + 4. Let q(p) be the first derivative of x(p). Give q(4).
2
Suppose -4*o = -8, 5*u - 5*o - 5 = -0. Let j(d) = 2*d + 6 - 3*d + 0*d. What is j(u)?
3
Suppose -3*g - 6 = -3. Let j(k) = -k + 1. Calculate j(g).
2
Let k be -2 + (1 - 1) - -4. Let j(n) be the first derivative of -3/2*n**k - 1/3*n**3 - 2*n + 2. Give j(-4).
-6
Let d(p) = -60*p - 3 + 113*p - 54*p. Calculate d(-4).
1
Let y(r) = -2*r**3 + 6*r**2 - 3*r - 4. Let u(d) = -d**3 + d**2. Let j(s) = -3*u(s) + y(s). Let g = 0 - 0. Let m = -3 - g. What is j(m)?
5
Suppose -2*t + 2*y = -0*t + 4, 10 = t + 2*y. Let c(r) be the first derivative of -4*r + 7/2*r**2 + 1/4*r**4 - t*r**3 + 1. Calculate c(4).
-8
Suppose 4*b = b + 6. Let l(c) = -3 - c**b + c + 2 + 2*c. Give l(5).
-11
Suppose 1 = j - 1. Let g(m) = m - 1 - j*m + 2*m + 0*m. Calculate g(-5).
-6
Let s(l) be the third derivative of -l**8/6720 + l**7/630 - l**6/240 - l**5/40 - l**4/6 + 2*l**2. Let q(i) be the second derivative of s(i). What is q(3)?
-3
Let w(m) = 8*m**2 - m - 1. Let s(b) = 9*b - 28. Let i be s(3). Calculate w(i).
8
Let k(d) = -2*d**3 + 2*d**2 + 3*d - 3. Let h(l) = -l**3 + 8. Let f be h(0). Suppose 4*q = -5*m + 3 + 7, -4*q - f = -4*m. Give k(m).
-5
Let g(b) = -b**3 - 2*b**2 - b + 1. Let s = 1 - 3. Calculate g(s).
3
Let k(p) = p**3 - 5*p**2 - 2*p + 3. Suppose 6*g - 4 = 5*g. What is k(g)?
-21
Let a(m) = -91 + 0*m + 4*m + 93. Determine a(2).
10
Let g(n) = n**3 + 4*n**2 + n + 2. Suppose 106*q = 108*q + 4. Calculate g(q).
8
Let h(i) = i**2 - 3*i - 7. Suppose 0*q + 4*q = 8. Let k be (-8)/(-1) + 3/(-1). Let l be (1 - q)*(0 - k). Give h(l).
3
Let k(c) be the first derivative of c**3/3 + 9*c**2/2 + 8*c + 3. Let d be 0 + (2 - 1*10). Let t be k(d). Let g(n) = -n**3 - n**2 - 1. Determine g(t).
-1
Let n(x) = -2*x + 1 + 8*x - 5*x - 2*x + x**3 + 6*x**2. What is n(-6)?
7
Let c(d) be the third derivative of d**6/120 + d**5/12 + d**3/3 - d**2. What is c(-5)?
2
Let z(u) = 9*u - 1. Let m(r) = r - 7. Let b be m(7). Suppose b = 3*o - 5*q + 17, -4*o - q = -5*o - 3. Calculate z(o).
8
Let q(k) = -k**3 - k + 4. Let j = 2 - 2. Let v be q(j). Let d(a) = 3*a - 3*a + 1 - a + 0. Give d(v).
-3
Let n(v) = -v. Let q be n(-3). Let x = -6 + q. Let l(i) be the second derivative of i**5/20 + i**4/3 - 3*i**2/2 - 2*i. Give l(x).
6
Let a(g) = g**3 - g**2 + 3*g - 5. Let l(x) = -5*x**3 + 3*x**2 - 12*x + 20. Let h(f) = 9*a(f) + 2*l(f). Let v = 20 - 24. What is h(v)?
-1
Let j(i) = i - 5. Let f(y) = -3*y + 16. Let b(a) = -3*f(a) - 8*j(a). Let o be ((-4)/6)/(2/(-18)). Determine b(o).
-2
Let t(q) = -q - 1. Let u(g) = -2*g**2 + 2. Let d(p) = 2*t(p) - u(p). Give d(3).
8
Suppose -2*o - 24 = 2*p, 0*p + 5*p + 28 = -o. Let c = 5 + o. Let r(b) = -2*b**2 - 5*b - 2. What is r(c)?
-5
Let k(r) = 0*r - 4 - 3*r + 4*r. Let p(q) = -q**2 + 6*q + 4. Let z be p(6). What is k(z)?
0
Suppose -w + 4*o + 29 = 2*w, 4*o = 5*w - 35. Suppose 2*z + 15 = w. Let y(l) = 2*l + 9. Determine y(z).
-3
Let c = -61 + 124. Let x be (2/6)/((-7)/c). Let z(q) = q**3 + 3*q**2 + 3*q + 2. What is z(x)?